CRAN Package Check Results for Package babynames

Last updated on 2018-08-14 23:50:25 CEST.

Flavor Version Tinstall Tcheck Ttotal Status Flags
r-devel-linux-x86_64-debian-clang 0.3.0 12.81 28.09 40.90 OK
r-devel-linux-x86_64-debian-gcc 0.3.0 9.86 26.47 36.33 OK
r-devel-linux-x86_64-fedora-clang 0.3.0 38.76 NOTE
r-devel-linux-x86_64-fedora-gcc 0.3.0 36.39 OK
r-devel-windows-ix86+x86_64 0.3.0 18.00 39.00 57.00 NOTE
r-patched-linux-x86_64 0.3.0 11.31 24.88 36.19 OK
r-patched-solaris-x86 0.3.0 83.80 NOTE
r-release-linux-x86_64 0.3.0 11.37 24.20 35.57 OK
r-release-windows-ix86+x86_64 0.3.0 18.00 54.00 72.00 NOTE
r-release-osx-x86_64 0.3.0 NOTE
r-oldrel-windows-ix86+x86_64 0.3.0 18.00 36.00 54.00 NOTE
r-oldrel-osx-x86_64 0.3.0 NOTE

Check Details

Version: 0.3.0
Check: installed package size
Result: NOTE
     installed size is 9.1Mb
     sub-directories of 1Mb or more:
     data 8.9Mb
Flavors: r-devel-linux-x86_64-fedora-clang, r-devel-windows-ix86+x86_64, r-patched-solaris-x86, r-release-windows-ix86+x86_64, r-release-osx-x86_64, r-oldrel-windows-ix86+x86_64, r-oldrel-osx-x86_64